{"id":192,"date":"2025-12-18T14:31:24","date_gmt":"2025-12-18T13:31:24","guid":{"rendered":"https:\/\/dev.3esca.fr\/sitewp2\/?page_id=192"},"modified":"2026-03-23T15:14:01","modified_gmt":"2026-03-23T14:14:01","slug":"pas-de-titre","status":"publish","type":"page","link":"https:\/\/3esca.fr\/sitewp\/","title":{"rendered":"Accueil"},"content":{"rendered":"\n<h1>\n\t\t\t3ESCA votre partenaire sp\u00e9cialis\u00e9 en d\u00e9tection de r\u00e9seaux\t<\/h1>\n\t\t\t\t<img decoding=\"async\" src=\"https:\/\/dev.3esca.fr\/sitewp2\/wp-content\/uploads\/2025\/12\/3.png\" alt=\"3\" itemprop=\"image\" title=\"3\" onerror=\"this.style.display='none'\" loading=\"lazy\" \/>\n<h4>\n\t\t\tVous r\u00e9sidez \u00e0 Paris\t<\/h4>\n<p>Vous avez re\u00e7u un courrier au sujet de la v\u00e9rification de votre canalisation de gaz et vous avez des questions ?<\/p>\n<p><a href=\"https:\/\/3esca.fr\/sitewp\/paris\/\"><strong>C&rsquo;est par ici !<\/strong><\/a><\/p>\n\t\t\t\t<img decoding=\"async\" src=\"https:\/\/dev.3esca.fr\/sitewp2\/wp-content\/uploads\/2025\/12\/1.png\" alt=\"1\" itemprop=\"image\" title=\"1\" onerror=\"this.style.display='none'\" loading=\"lazy\" \/>\n<h4>\n\t\t\tVous r\u00e9sidez en province\t<\/h4>\n<p>Vous avez re\u00e7u un courrier concernant le changement du r\u00e9gulateur de pression et vous avez des questions ?<\/p>\n<p><a href=\"https:\/\/3esca.fr\/sitewp\/province\/\"><strong>C&rsquo;est par ici !<\/strong><\/a><\/p>\n\t\t\t\t<img decoding=\"async\" src=\"https:\/\/dev.3esca.fr\/sitewp2\/wp-content\/uploads\/2025\/12\/2.png\" alt=\"2\" itemprop=\"image\" title=\"2\" onerror=\"this.style.display='none'\" loading=\"lazy\" \/>\n<h4>\n\t\t\tD\u00e9tection de r\u00e9seaux\t<\/h4>\n<p>Vous avez besoin de d\u00e9tection de r\u00e9seaux avant vos travaux ? On vous accompagne pour un chantier en toute s\u00e9curit\u00e9.<\/p>\n<p><a href=\"https:\/\/3esca.fr\/sitewp\/detection-reseaux\/\"><strong>En savoir plus !<\/strong><\/a><\/p>\n\t\t\t\t<img decoding=\"async\" src=\"https:\/\/3esca.fr\/sitewp\/wp-content\/uploads\/2026\/02\/Design-sans-titre-1.png\" alt=\"Design sans titre (1)\" itemprop=\"image\" height=\"900\" width=\"900\" title=\"Design sans titre (1)\" onerror=\"this.style.display='none'\" loading=\"lazy\" \/>\n<h4>\n\t\t\tRecherche de fuite d&rsquo;eau\t<\/h4>\n<p>Vous avez une suspicion de fuite d&rsquo;eau ? N&rsquo;h\u00e9sitez plus et faites appel \u00e0 notre expertise pour un avenir plus serein.<\/p>\n<p><a href=\"https:\/\/3esca.fr\/sitewp\/recherche-fuite-eau\/\"><strong>En savoir plus !<\/strong><\/a><\/p>\n<h1>\n\t\t\tIls nous font confiance\t<\/h1>\n\t\t\t\t<img decoding=\"async\" src=\"https:\/\/3esca.fr\/sitewp\/wp-content\/uploads\/2026\/02\/6.png\" alt=\"6\" itemprop=\"image\" height=\"437\" width=\"828\" title=\"6\" onerror=\"this.style.display='none'\" loading=\"lazy\" \/>\n\t\t\t\t<img decoding=\"async\" src=\"https:\/\/3esca.fr\/sitewp\/wp-content\/uploads\/2026\/02\/5.png\" alt=\"5\" itemprop=\"image\" height=\"437\" width=\"828\" title=\"5\" onerror=\"this.style.display='none'\" loading=\"lazy\" \/>\n\t\t\t\t<img decoding=\"async\" src=\"https:\/\/3esca.fr\/sitewp\/wp-content\/uploads\/2026\/02\/4.png\" alt=\"4\" itemprop=\"image\" height=\"437\" width=\"828\" title=\"4\" onerror=\"this.style.display='none'\" loading=\"lazy\" \/>\n\t\t\t\t<img decoding=\"async\" src=\"https:\/\/3esca.fr\/sitewp\/wp-content\/uploads\/2026\/02\/3.png\" alt=\"3\" itemprop=\"image\" height=\"437\" width=\"828\" title=\"3\" onerror=\"this.style.display='none'\" loading=\"lazy\" \/>\n\t\t\t\t<img decoding=\"async\" src=\"https:\/\/3esca.fr\/sitewp\/wp-content\/uploads\/2026\/02\/2.png\" alt=\"2\" itemprop=\"image\" height=\"437\" width=\"828\" title=\"2\" onerror=\"this.style.display='none'\" loading=\"lazy\" \/>\n\t\t\t\t<img decoding=\"async\" src=\"https:\/\/3esca.fr\/sitewp\/wp-content\/uploads\/2026\/02\/1.png\" alt=\"1\" itemprop=\"image\" height=\"437\" width=\"828\" title=\"1\" onerror=\"this.style.display='none'\" loading=\"lazy\" \/>\n\n","protected":false},"excerpt":{"rendered":"<p>3ESCA votre partenaire sp\u00e9cialis\u00e9 en d\u00e9tection de r\u00e9seaux Vous r\u00e9sidez \u00e0 Paris Vous avez re\u00e7u un courrier au sujet de la v\u00e9rification de votre canalisation de gaz et vous avez des questions ? C&rsquo;est par ici ! Vous r\u00e9sidez en province Vous avez re\u00e7u un courrier concernant le changement du r\u00e9gulateur de pression et vous&hellip;&nbsp;<a href=\"https:\/\/3esca.fr\/sitewp\/\" rel=\"bookmark\"><span class=\"screen-reader-text\">Accueil<\/span><\/a><\/p>\n","protected":false},"author":1,"featured_media":0,"parent":0,"menu_order":0,"comment_status":"closed","ping_status":"closed","template":"","meta":{"neve_meta_sidebar":"","neve_meta_container":"full-width","neve_meta_enable_content_width":"","neve_meta_content_width":0,"neve_meta_title_alignment":"","neve_meta_author_avatar":"","neve_post_elements_order":"","neve_meta_disable_header":"","neve_meta_disable_footer":"","neve_meta_disable_title":"on","footnotes":""},"class_list":["post-192","page","type-page","status-publish","hentry"],"_links":{"self":[{"href":"https:\/\/3esca.fr\/sitewp\/wp-json\/wp\/v2\/pages\/192","targetHints":{"allow":["GET"]}}],"collection":[{"href":"https:\/\/3esca.fr\/sitewp\/wp-json\/wp\/v2\/pages"}],"about":[{"href":"https:\/\/3esca.fr\/sitewp\/wp-json\/wp\/v2\/types\/page"}],"author":[{"embeddable":true,"href":"https:\/\/3esca.fr\/sitewp\/wp-json\/wp\/v2\/users\/1"}],"replies":[{"embeddable":true,"href":"https:\/\/3esca.fr\/sitewp\/wp-json\/wp\/v2\/comments?post=192"}],"version-history":[{"count":10,"href":"https:\/\/3esca.fr\/sitewp\/wp-json\/wp\/v2\/pages\/192\/revisions"}],"predecessor-version":[{"id":295,"href":"https:\/\/3esca.fr\/sitewp\/wp-json\/wp\/v2\/pages\/192\/revisions\/295"}],"wp:attachment":[{"href":"https:\/\/3esca.fr\/sitewp\/wp-json\/wp\/v2\/media?parent=192"}],"curies":[{"name":"wp","href":"https:\/\/api.w.org\/{rel}","templated":true}]}}